{"id":34,"date":"2023-01-12T16:21:15","date_gmt":"2023-01-12T16:21:15","guid":{"rendered":"https:\/\/canaldenuncias.com.pt\/laac\/home\/"},"modified":"2023-01-12T17:27:42","modified_gmt":"2023-01-12T17:27:42","slug":"home","status":"publish","type":"page","link":"https:\/\/canaldenuncias.com.pt\/laac\/","title":{"rendered":"Home"},"content":{"rendered":"\n\n\n<div style=\"display:none\" class=\"fm-form-container fm-theme3\"><div id=\"fm-pages6\" class=\"fm-pages wdform_page_navigation \" show_title=\"\" show_numbers=\"1\" type=\"none\"><\/div><form name=\"form6\" action=\"\/laac\/wp-json\/wp\/v2\/pages\/34\" method=\"post\" id=\"form6\" class=\"fm-form form6  \" enctype=\"multipart\/form-data\"><input type=\"hidden\" id=\"fm_page_id6\" value=\"34\" name=\"fm_page_id6\" \/><input type=\"hidden\" id=\"fm_current_post_type6\" value=\"page\" name=\"fm_current_post_type6\" \/><input type=\"hidden\" id=\"counter6\" value=\"8\" name=\"counter6\" \/><input type=\"hidden\" id=\"Itemid6\" value=\"\" name=\"Itemid6\" \/><input type=\"hidden\" id=\"fm_shake6\" value=\"1\" name=\"fm_shake6\" \/><input type=\"text\" class=\"fm-hide\" id=\"fm_empty_field_validation6\" value=\"\" name=\"fm_empty_field_validation6\" data-value=\"bd736efb144d599cf463541431fbf5c4\" \/><div class=\"fm-header-bg\"><div class=\"fm-header \"><div class=\"fm-header-text\">          <div class=\"fm-header-title\">            Canal de Den\u00fancias          <\/div>          <div class=\"fm-header-description\">                      <\/div>        <\/div><\/div><\/div><div class=\"wdform-page-and-images fm-form-builder\"><div id=\"6form_view1\" class=\"wdform_page\" page_title=\"Untitled page\" next_title=\"Next\" next_type=\"text\" next_class=\"wdform-page-button\" next_checkable=\"true\" previous_title=\"Previous\" previous_type=\"text\" previous_class=\"wdform-page-button\" previous_checkable=\"false\"><div class=\"wdform_section\"><div class=\"wdform_column\"><div wdid=\"2\" class=\"wdform_row\" style=\"position: relative; left: 0px; top: 0px;\"><div type=\"type_text\" class=\"wdform-field wd-width-100 wd-flex wd-flex-column fm-type_text\" ><div class=\"wdform-label-section wd-width-100  wd-flex-row wd-align-items-center\">    <label  for=\"wdform_2_element6\" class=\"wdform-label\">Nome Completo<\/label><\/div><div class=\"wdform-element-section wd-flex  wd-flex-row wd-align-items-center wd-width-100\" ><input type=\"text\"                           class=\"wd-width-100\"                           id=\"wdform_2_element6\"                           name=\"wdform_2_element6\"                           value=\"\"                           title=\"\"                           placeholder=\"\"                                                       \/><\/div><\/div><\/div><\/div><div class=\"wdform_column\"><div wdid=\"3\" class=\"wdform_row\"><div type=\"type_submitter_mail\" class=\"wdform-field wd-width-100 wd-flex wd-flex-column fm-type_submitter_mail\" ><div class=\"wdform-label-section wd-width-100  wd-flex-row\">    <label  for=\"wdform_3_element6\" class=\"wdform-label\">Email<\/label><\/div><div class=\"wdform-element-section wd-flex  wd-flex-row wd-width-100\" ><input type=\"text\" class=\"wd-width-100\" id=\"wdform_3_element6\" name=\"wdform_3_element6\" value=\"\" title=\"\" placeholder=\"\"   onchange=\"wd_check_email('3', '6', 'Este n\u00e3o \u00e9 um endere\u00e7o de e-mail v\u00e1lido.')\" \/><\/div><\/div><\/div><\/div><div class=\"wdform_column\"><div wdid=\"4\" class=\"wdform_row\"><div type=\"type_date_new\" class=\"wdform-field wd-width-100 wd-flex wd-flex-column fm-type_date_new\" ><div class=\"wdform-label-section wd-width-100  wd-flex-row\">    <label  for=\"wdform_4_element6\" class=\"wdform-label\">Data que ocorreu a den\u00fancia (a data aquando envio do formul\u00e1rio ser\u00e1 gerada automaticamente)<\/label><span class=\"wdform-required\">*<\/span><\/div><div class=\"wdform-element-section wd-flex  wd-flex-row wd-width-100\" ><input class=\"wd-width-100\" autocomplete=\"off\" onchange=\"wd_validate(this)\" data-form-id=\"6\" data-wdid=\"4\" data-valid-type=\"date\" type=\"text\" id=\"wdform_4_element6\" value=\"\" name=\"wdform_4_element6\"   \/><span id=\"fm-calendar-4\" class=\"dashicons dashicons-calendar-alt wd-calendar-button wd-hidden\"><\/span><input type=\"hidden\" class=\"hidden_date\" data-format=\"mm\/dd\/yy\" data-min=\"\" data-max=\"today\" id=\"wdform_4_button6\" value=\"\" \/><\/div><\/div><\/div><\/div><div class=\"wdform_column\"><div wdid=\"5\" class=\"wdform_row\"><div type=\"type_radio\" class=\"wdform-field wd-width-100 wd-flex wd-flex-column fm-type_radio\" ><div class=\"wdform-label-section wd-width-100  wd-flex-wrap wd-flex-column\">    <label  class=\"wdform-label\">Pretendo<\/label><span class=\"wdform-required\">*<\/span><\/div><div class=\"wdform-element-section wd-flex  wd-flex-wrap wd-flex-column wd-width-100\" ><div class=\"wd-flex wd-flex-column\"><input type=\"hidden\" name=\"wdform_5_element6\" value=\"\" \/><div class=\"radio-div wd-choice wd-flex wd-flex-row\"><input type=\"radio\"  id=\"wdform_5_element60\" name=\"wdform_5_element6\" value=\"Aconselhamento confidencial (para ponderar a apresenta\u00e7\u00e3o da den\u00fancia)\" onclick=\"set_default(&quot;wdform_5&quot;,&quot;0&quot;,&quot;6&quot;); \"   \/><label class=\"wd-align-items-center wd-flex wd-flex-row\" for=\"wdform_5_element60\"><span><\/span>Aconselhamento confidencial (para ponderar a apresenta\u00e7\u00e3o da den\u00fancia)<\/label><\/div><div class=\"radio-div wd-choice wd-flex wd-flex-row\"><input type=\"radio\"  id=\"wdform_5_element61\" name=\"wdform_5_element6\" value=\"Apresentar Den\u00fancia\" onclick=\"set_default(&quot;wdform_5&quot;,&quot;1&quot;,&quot;6&quot;); \"   \/><label class=\"wd-align-items-center wd-flex wd-flex-row\" for=\"wdform_5_element61\"><span><\/span>Apresentar Den\u00fancia<\/label><\/div><\/div><\/div><\/div><\/div><\/div><div class=\"wdform_column\"><div wdid=\"6\" class=\"wdform_row\"><div type=\"type_checkbox\" class=\"wdform-field wd-width-100 wd-flex wd-flex-column fm-type_checkbox\" ><div class=\"wdform-label-section wd-width-100  wd-flex-wrap wd-flex-column\">    <label  class=\"wdform-label\">Motivos:<\/label><\/div><div class=\"wdform-element-section wd-flex  wd-flex-wrap wd-flex-column wd-width-100\" ><div class=\"wd-flex wd-flex-column\"><input type=\"hidden\" name=\"wdform_6_element6\" value=\"\" \/><div class=\"checkbox-div wd-choice wd-flex wd-flex-row\"><input type=\"checkbox\"  id=\"wdform_6_element60\" name=\"wdform_6_element60\" value=\"Ato ou omiss\u00e3o que seja contr\u00e1rio a normativos constantes da legisla\u00e7\u00e3o nacional ou comunit\u00e1ria referentes aos dom\u00ednios de, (i) contrata\u00e7\u00e3o p\u00fablica, (ii) servi\u00e7os, produtos e mercados financeiros e preven\u00e7\u00e3o do branqueamento de capitais e do financiamento do terrorismo, (iii) seguran\u00e7a e conformidade dos produtos, (iv) seguran\u00e7a dos transportes, (v) prote\u00e7\u00e3o do ambiente, (vi) prote\u00e7\u00e3o contra radia\u00e7\u00f5es e seguran\u00e7a nuclear, (vii) seguran\u00e7a dos alimentos para consumo humano e animal, sa\u00fade animal e bem-estar animal, (viii) sa\u00fade p\u00fablica, (ix) defesa do consumidor, (x) prote\u00e7\u00e3o da privacidade e dos dados pessoais e seguran\u00e7a da rede e dos sistemas de informa\u00e7\u00e3o\"    \/><label class=\"wd-align-items-center wd-flex wd-flex-row\" for=\"wdform_6_element60\"><span><\/span>Ato ou omiss\u00e3o que seja contr\u00e1rio a normativos constantes da legisla\u00e7\u00e3o nacional ou comunit\u00e1ria referentes aos dom\u00ednios de, (i) contrata\u00e7\u00e3o p\u00fablica, (ii) servi\u00e7os, produtos e mercados financeiros e preven\u00e7\u00e3o do branqueamento de capitais e do financiamento do terrorismo, (iii) seguran\u00e7a e conformidade dos produtos, (iv) seguran\u00e7a dos transportes, (v) prote\u00e7\u00e3o do ambiente, (vi) prote\u00e7\u00e3o contra radia\u00e7\u00f5es e seguran\u00e7a nuclear, (vii) seguran\u00e7a dos alimentos para consumo humano e animal, sa\u00fade animal e bem-estar animal, (viii) sa\u00fade p\u00fablica, (ix) defesa do consumidor, (x) prote\u00e7\u00e3o da privacidade e dos dados pessoais e seguran\u00e7a da rede e dos sistemas de informa\u00e7\u00e3o<\/label><\/div><div class=\"checkbox-div wd-choice wd-flex wd-flex-row\"><input type=\"checkbox\"  id=\"wdform_6_element61\" name=\"wdform_6_element61\" value=\"Ato ou omiss\u00e3o contr\u00e1rio e lesivo dos interesses financeiros da Uni\u00e3o Europeia a que se refere o artigo 325.\u00ba do Tratado sobre o funcionamento da Uni\u00e3o Europeia\"    \/><label class=\"wd-align-items-center wd-flex wd-flex-row\" for=\"wdform_6_element61\"><span><\/span>Ato ou omiss\u00e3o contr\u00e1rio e lesivo dos interesses financeiros da Uni\u00e3o Europeia a que se refere o artigo 325.\u00ba do Tratado sobre o funcionamento da Uni\u00e3o Europeia<\/label><\/div><div class=\"checkbox-div wd-choice wd-flex wd-flex-row\"><input type=\"checkbox\"  id=\"wdform_6_element62\" name=\"wdform_6_element62\" value=\"Ato ou omiss\u00e3o contr\u00e1rio \u00e0s regras do mercado interno a que se refere o n.\u00ba 2 do artigo 26.\u00ba do Tratado sobre o funcionamento da Uni\u00e3o Europeia\"    \/><label class=\"wd-align-items-center wd-flex wd-flex-row\" for=\"wdform_6_element62\"><span><\/span>Ato ou omiss\u00e3o contr\u00e1rio \u00e0s regras do mercado interno a que se refere o n.\u00ba 2 do artigo 26.\u00ba do Tratado sobre o funcionamento da Uni\u00e3o Europeia<\/label><\/div><div class=\"checkbox-div wd-choice wd-flex wd-flex-row\"><input type=\"checkbox\"  id=\"wdform_6_element63\" name=\"wdform_6_element63\" value=\"A criminalidade violenta, especialmente violenta e altamente organizada, bem como os crimes previstos no n.\u00ba 1 do artigo 1.\u00ba da Lei n.\u00ba 5\/2002, de 11 de janeiro, que estabelece medidas de combate \u00e0 criminalidade organizada e econ\u00f3mico-financeira\"    \/><label class=\"wd-align-items-center wd-flex wd-flex-row\" for=\"wdform_6_element63\"><span><\/span>A criminalidade violenta, especialmente violenta e altamente organizada, bem como os crimes previstos no n.\u00ba 1 do artigo 1.\u00ba da Lei n.\u00ba 5\/2002, de 11 de janeiro, que estabelece medidas de combate \u00e0 criminalidade organizada e econ\u00f3mico-financeira<\/label><\/div><div class=\"checkbox-div wd-choice wd-flex wd-flex-row\"><input type=\"checkbox\"  id=\"wdform_6_element64\" name=\"wdform_6_element64\" value=\"Infra\u00e7\u00e3o cometida, que esteja a ser cometida ou cujo cometimento se possa razoavelmente prever, bem como tentativas de oculta\u00e7\u00e3o de tais infra\u00e7\u00f5es\"    \/><label class=\"wd-align-items-center wd-flex wd-flex-row\" for=\"wdform_6_element64\"><span><\/span>Infra\u00e7\u00e3o cometida, que esteja a ser cometida ou cujo cometimento se possa razoavelmente prever, bem como tentativas de oculta\u00e7\u00e3o de tais infra\u00e7\u00f5es<\/label><\/div><\/div><\/div><\/div><\/div><\/div><div class=\"wdform_column\"><div wdid=\"7\" class=\"wdform_row\"><div type=\"type_textarea\" class=\"wdform-field wd-width-100 wd-flex wd-flex-column fm-type_textarea\" ><div class=\"wdform-label-section wd-width-100 \">    <label  for=\"wdform_7_element6\" class=\"wdform-label\">Exposi\u00e7\u00e3o da Den\u00fancia<\/label><\/div><div class=\"wdform-element-section wd-flex  wd-width-100\" ><textarea class=\"wd-width-100\"                      id=\"wdform_7_element6\"                      name=\"wdform_7_element6\"                      placeholder=\"\"                      maxlength=\"\"                      style=\"height: 100px;\"                      ><\/textarea><\/div><\/div><\/div><\/div><div class=\"wdform_column\"><div wdid=\"1\" class=\"wdform_row\"><div type=\"type_submit_reset\" class=\"wdform-field wd-width-100 wd-flex wd-flex-column fm-type_submit_reset\" ><div class=\"wdform-element-section wd-flex  wd-flex-row wd-justify-content-right wd-width-100\" ><button  type=\"button\" class=\"button-submit\" onclick=\"fm_submit_form('6');\"  data-ajax=\"0\"><span class=\"fm-submit-loading spinner fm-ico-spinner\"><\/span>Submeter<\/button><button  type=\"button\" class=\"button-reset wd-hidden\" onclick=\"fm_reset_form(6);\" >Reset<\/button><\/div><\/div><\/div><\/div><\/div><div valign=\"top\" class=\"wdform_footer wd-width-100\"><div class=\"wd-width-100\"><div class=\"wd-width-100 wd-table\" style=\"padding-top:10px;\"><div class=\"wd-table-group\"><div id=\"6page_nav1\" class=\"wd-table-row\"><\/div><\/div><\/div><\/div><\/div><\/div><\/div><div class=\"wdform_preload\"><\/div><input type=\"hidden\" name=\"fm-current-page\" value=\"https:\/\/canaldenuncias.com.pt\/laac\/wp-json\/wp\/v2\/pages\/34\" \/><\/form><\/div>\n\n\n","protected":false},"excerpt":{"rendered":"","protected":false},"author":0,"featured_media":0,"parent":0,"menu_order":0,"comment_status":"closed","ping_status":"closed","template":"","meta":{"footnotes":""},"class_list":["post-34","page","type-page","status-publish","hentry"],"_links":{"self":[{"href":"https:\/\/canaldenuncias.com.pt\/laac\/wp-json\/wp\/v2\/pages\/34","targetHints":{"allow":["GET"]}}],"collection":[{"href":"https:\/\/canaldenuncias.com.pt\/laac\/wp-json\/wp\/v2\/pages"}],"about":[{"href":"https:\/\/canaldenuncias.com.pt\/laac\/wp-json\/wp\/v2\/types\/page"}],"replies":[{"embeddable":true,"href":"https:\/\/canaldenuncias.com.pt\/laac\/wp-json\/wp\/v2\/comments?post=34"}],"version-history":[{"count":1,"href":"https:\/\/canaldenuncias.com.pt\/laac\/wp-json\/wp\/v2\/pages\/34\/revisions"}],"predecessor-version":[{"id":69,"href":"https:\/\/canaldenuncias.com.pt\/laac\/wp-json\/wp\/v2\/pages\/34\/revisions\/69"}],"wp:attachment":[{"href":"https:\/\/canaldenuncias.com.pt\/laac\/wp-json\/wp\/v2\/media?parent=34"}],"curies":[{"name":"wp","href":"https:\/\/api.w.org\/{rel}","templated":true}]}}